 121911*r - 2803959. Give x(23).
-6
Let w(j) = j**2 + 379*j - 118905. Calculate w(204).
27
Let k(i) = 1013*i**2 + 180320*i + 1078. Give k(-178).
10
Let g(v) = -301*v**2 - 3589*v + 152. Give g(-12).
-124
Let p(h) = h**3 - 429*h**2 - 21860*h + 81. Calculate p(-46).
541
Let k(b) = -b**2 - 70*b - 38. What is k(-3)?
163
Let l(m) = -m**2 + 6782*m - 429961. Calculate l(64).
-9
Let k(b) = 500*b + 680. What is k(-2)?
-320
Let q(m) = m**3 + 78*m**2 - 599*m - 342. What is q(-85)?
-2
Let x(q) = -q**2 + 3131*q + 146127. Determine x(-46).
-15
Let s(i) = 54*i**3 + 545*i**2 + 52*i - 5. Calculate s(-10).
-25
Let v(w) = w**3 - 73*w**2 - 772*w + 64764. Give v(71).
-130
Let l(d) = -11646*d - 209619. Give l(-18).
9
Let m(j) = -10*j**2 + 382*j + 203. Determine m(38).
279
Let d(s) = -4*s**2 - 138*s - 1116. What is d(-13)?
2
Let a(o) = 73*o - 17671. Determine a(243).
68
Let d(s) = -238*s - 3383. Calculate d(-14).
-51
Let y(k) = 96995*k - 8729634. Determine y(90).
-84
Let d(v) = -v**3 + 115*v**2 + 395*v - 45405. Give d(115).
20
Let j(w) = -165*w**2 + 2146*w + 145. Determine j(13).
158
Let i(k) = k**3 + 1109*k**2 - 5227*k - 3338552. What is i(-1111)?
3
Let f(h) = -18*h**2 + 430*h + 1. What is f(26)?
-987
Let j(y) = -947*y - 123710. Determine j(-131).
347
Let y(i) = i**2 + 442*i + 40034. Calculate y(-127).
29
Let x(b) = b**3 - 445*b**2 + 1709*b + 223. What is x(4)?
3
Let x(y) = 2*y**2 + 4833*y - 43646. Give x(9).
13
Let y(o) = 2*o**3 + 321*o**2 + 1252*o + 174714. Determine y(-160).
-6
Let y(l) = 17*l**3 - 2043*l**2 + 275*l + 10215. Calculate y(120).
15
Let i(d) = d**2 - 337044*d + 3370321. Calculate i(10).
-19
Let s(y) = 168030*y - 2352445. What is s(14)?
-25
Let j(f) = -69*f**3 - 546*f**2 + 55*f + 50. Determine j(-8).
-6
Let g(x) = -403*x + 10088. Give g(25).
13
Let y(n) = 18650*n - 2312589. Determine y(124).
11
Let k(p) = -11*p**3 - 39*p**2 - 124*p - 50. Determine k(-3).
268
Let b(v) = 34781*v + 2330284. What is b(-67)?
-43
Let s(t) = -143*t**2 - 526*t + 1592. Give s(3).
-1273
Let h(p) = -8*p**2 + 1583*p - 61333. Calculate h(145).
2
Let z(p) = -p**3 - 16*p**2 - 50*p - 19. Calculate z(-12).
5
Let a(o) = 1132*o + 80860. What is a(-73)?
-1776
Let s(a) = -3116*a + 392389. Determine s(126).
-227
Let f(o) = -4*o**2 - 192*o - 3211. Calculate f(-16).
-1163
Let u(c) = c**3 - 24*c**2 - 202*c + 2025. What is u(29)?
372
Let n(j) = 86*j**2 + 1289*j + 11. What is n(-15)?
26
Let x(i) = 86*i + 3810. Determine x(-69).
-2124
Let m(j) = -48*j**2 + 17276*j + 36216. Calculate m(362).
16
Let a(q) = -2*q**2 + 35*q - 148. What is a(31)?
-985
Let h(z) = 22786*z + 205067. Determine h(-9).
-7
Let l(i) = 2*i**2 - 312*i + 4644. What is l(16)?
164
Let m(o) = o**3 + 8*o**2 - 175*o - 20. Calculate m(12).
760
Let f(s) = -3*s**3 + 29*s**2 - 128*s + 197. What is f(7)?
-307
Let b(a) = -a**2 - 1684*a - 62545. Calculate b(-38).
3
Let c(f) = -466*f - 30850. Calculate c(-66).
-94
Let s(k) = -5*k**3 + 11*k**2 + 199*k - 1598. Calculate s(6).
-1088
Let d(q) = -q**3 - 54*q**2 + 1044*q - 174. What is d(-69)?
-795
Let s(z) = 7964*z + 565446. Calculate s(-71).
2
Let i(r) = -10680*r + 5126409. Determine i(480).
9
Let i(o) = 77*o**2 + 18*o + 71. What is i(8)?
5143
Let f(g) = -6*g**3 + 925*g**2 - 2911*g + 6348. Calculate f(151).
6
Let w(a) = 2190*a + 210238. Determine w(-96).
-2
Let p(b) = 2595*b - 633335. What is p(244)?
-155
Let l(s) = -3413*s - 662200. What is l(-194)?
-78
Let a(r) = 3*r**2 + 2218*r - 20155. Give a(9).
50
Let s(w) = 3425*w - 47081. Give s(15).
4294
Let s(h) = -207601*h + 3529226. Calculate s(17).
9
Let j(a) = a**3 - 3*a**2 + 179676*a + 718813. Determine j(-4).
-3
Let t(g) = 16*g**2 + 227*g - 413. Give t(-16).
51
Let g(m) = 195440*m + 586436. What is g(-3)?
116
Let c(f) = -3*f**3 + 30*f**2 - 75*f + 66. What is c(9)?
-366
Let w(n) = -n**3 + 43*n**2 + 2649*n - 109386. Calculate w(55).
9
Let x(d) = -8*d**3 + 10*d**2 + 171*d + 237. Determine x(-7).
2274
Let p(x) = 7034*x - 288274. What is p(41)?
120
Let t(h) = h**3 - 25*h**2 - 263*h + 539. What is t(32)?
-709
Let b(f) = -91*f**2 + 3066*f + 944. Determine b(34).
-8
Let a(n) = -587*n**2 + 56940*n - 46. Determine a(97).
51
Let b(j) = 2505*j - 208467. Determine b(83).
-552
Let k(a) = a**3 - 17*a + 344. Give k(0).
344
Let h(j) = j**2 + 485*j + 54505. What is h(-308)?
-11
Let f(d) = -d**3 + 824*d**2 - 5567*d - 124156. Give f(817).
28
Let z(u) = 3*u**3 + 385*u**2 - 2712*u + 56571. What is z(-136)?
-5
Let i(a) = 3*a**3 - 17*a**2 - 869*a + 3555. Calculate i(4).
-1
Let p(h) = -1000*h + 423997. What is p(424)?
-3
Let l(m) = -31074*m + 155367. Calculate l(5).
-3
Let g(w) = -7*w**3 - 127*w**2 - 11*w - 65. Give g(-19).
2310
Let c(a) = -17*a**3 + 73*a**2 + 150*a - 832. Give c(5).
-382
Let b(l) = 9466*l - 225990. Determine b(24).
1194
Let g(c) = 25*c - 360. What is g(11)?
-85
Let g(i) = -764613*i + 25232227. Determine g(33).
-2
Let d(i) = i**3 + 12*i**2 + 12251*i + 159431. Give d(-13).
-1
Let d(x) = -2671*x - 12858. Determine d(-5).
497
Let f(j) = 14236*j + 12684273. Calculate f(-891).
-3
Let m(r) = -27*r**3 - 14*r**2 + 16*r + 23. Give m(-4).
1463
Let d(u) = -10*u**3 + 3*u**2 - 833*u - 2582. Calculate d(-3).
214
Let r(u) = -2*u**3 + 539*u**2 - 1864*u + 542. Give r(266).
10
Let b(q) = 6*q**2 + 1855*q + 86. Determine b(-309).
-223
Let j(a) = a**2 + 40*a - 21284. Calculate j(-165).
-659
Let d(m) = m**3 + 14*m**2 - 37*m + 247. Give d(-17).
9
Let v(k) = -k**3 + 22*k**2 - 65*k - 598. Calculate v(11).
18
Let l(z) = -54423*z - 4789223. What is l(-88)?
1
Let m(s) = -137389*s + 30. Give m(0).
30
Let z(r) = -15870*r - 238151. Determine z(-15).
-101
Let t(i) = -2*i**3 - 100*i**2 + 53*i - 5097. Determine t(-52).
2963
Let o(x) = x**3 + 128*x**2 - 1237*x - 63. What is o(-137)?
485
Let a(i) = 13557*i - 433735. Give a(32).
89
Let f(c) = -905*c + 5174. Determine f(5).
649
Let b(a) = -a**3 - 37*a**2 - 342*a + 58. Give b(-16).
154
Let s(q) = q**3 - 76*q**2 - 345*q + 2040. Give s(80).
40
Let o(x) = -x**3 + 24*x**2 - 130*x + 153. Calculate o(19).
-512
Let g(i) = 265*i**2 - 268*i + 99. Determine g(4).
3267
Let v(f) = 3*f**2 - 172*f - 4027. Determine v(75).
-52
Let l(d) = -75780*d + 75771. Calculate l(1).
-9
Let s(y) = -y**3 + 12*y**2 - 271*y + 1733. What is s(7)?
81
Let o(s) = -s**3 - 33*s**2 - 1602*s - 47777. Determine o(-31).
-37
Let r(d) = -d**2 + 6150*d + 586940. What is r(-94)?
4
Let y(j) = -63*j**2 + 18454*j + 1062. Give y(293).
-403
Let a(n) = n**2 - 68*n + 899. Calculate a(47).
-88
Let f(y) = -292051*y + 584093. Determine f(2).
-9
Let k(n) = 8*n**3 + 12*n**2 - 26*n - 155. Determine k(-3).
-185
Let t(o) = -o**3 - 96*o**2 - 481*o - 78. Determine t(-91).
2288
Let k(o) = -2*o**3 + 44*o**2 + 45*o - 3494. What is k(14)?
272
Let m(v) = 44*v**3 - 353*v**2 + 734*v - 5800. What is m(8)?
8
Let q(t) = -87*t**3 + 28*t**2 + 56*t + 27. Calculate q(-1).
86
Let n(k) = -971*k**2 + 55*k + 54. Give n(-1).
-972
Let g(m) = 3057*m - 224003. Calculate g(73).
-842
Let z(b) = -232*b**2 + 1788*b + 12. What is z(8)?
-532
Let d(f) = f**2 - 586993*f - 3522004. Calculate d(-6).
-10
Let f(j) = j**3 + 389*j**2 + 21054*j - 1943. Give f(-324).
1
Let j(x) = -5927*x + 42117. What is j(7)?
628
Let w(i) = 157*i - 14661. Give w(91).
-374
Let r(d) = -3315*d + 24573. Determine r(7).
1368
Let w(h) = -41*h**2 - 1467*h - 12723. What is w(-21)?
3
Let u(m) = -36*m**2 + 184*m + 194. Give u(7).
-282
Let j(f) = 21*f**2 + 28*f - 15682. Give j(-28).
-2
Let k(o) = -4*o**2 - 75*o + 1233. Give k(-33).
-648
Let n(x) = 18*x**2 - 45*x + 626. Calculate n(16).
4514
Let r(q) = 11*q**2 - 920*q + 2660. Calculate r(3).
-1
Let l(x) = -8*x**2 + 625*x + 102. Give l(81).
-1761
Let w(i) = -44*i**3 + 311*i**2 + 7*i - 183. Give w(7).
13
Let a(y) = 8*y**2 + 968*y - 4962. Calculate a(-126).
78
Let q(r) = -520*r - 17372. Calculate q(-37).
1868
Let p(f) = -13*f**3 - 8*f**2 - 6*f. Calculate p(-4).
728
Let k(d) = 62704*d + 1065961. Calculate k(-17).
-7
Let x(w) = -2*w**3 + 4*w**2 - 124*w + 1140. Calculate x(7).
-218
Let t(j) = 234*j**2 - 38615*j + 814. Calculate t(165).
-11
Let l(g) = -146*g**2 - 265*g + 52. Give l(-2).
-2
Let n(l) = l**3 + 2108*l**2 + 50097*l + 168796. Calculate n(-2084).
-8
Let i(v) = 12603*v - 100830. Determine i(8).
-6
Let f(u) = 702*u**3 - 6319*u**2 - 22*u + 252. Determine f(9).
-27
Let k(j) = -2*j**2 - 6580*j - 143799. What is k(-